{"id":653,"date":"2012-10-18T18:26:54","date_gmt":"2012-10-18T16:26:54","guid":{"rendered":"http:\/\/www.holliesoft.de\/weblog\/?page_id=653"},"modified":"2023-01-27T23:52:46","modified_gmt":"2023-01-27T21:52:46","slug":"aufgaben-aktuelles-zur-weiterentwicklung","status":"publish","type":"page","link":"https:\/\/www.holliesoft.de\/weblog\/software\/aufgaben\/aufgaben-aktuelles-zur-weiterentwicklung\/","title":{"rendered":"Aufgaben: Aktuelles zur Weiterentwicklung"},"content":{"rendered":"<div style=\"min-width: 400px; padding: 10px; border: solid medium green; border-radius: 5px;\">\n<h3 style=\"text-align: center;\">Die folgenden Features sind in Umsetzung oder in Planung f\u00fcr die kommenden Versionen:<\/h3>\n<table class=\"table table-striped\">\n<tbody>\n<tr>\n<th>Version<\/th>\n<th>Beschreibung<\/th>\n<th>Status<\/th>\n<\/tr>\n<tr>\n<td>1.15<\/td>\n<td>Letzten Verschiebungsintervall von Erinnerungen merken und beim erneuten Verschieben vorgeben<\/td>\n<td><span class=\"badge badge-info\">In Planung<\/span><\/td>\n<\/tr>\n<tr>\n<td>1.16<\/td>\n<td>\u00dcberarbeitung Ansicht-Optionen<\/td>\n<td><span class=\"badge badge-info\">In Planung<\/span><\/td>\n<\/tr>\n<tr>\n<td>2.0<\/td>\n<td>\n<ul>\n<li>Komplett neue Oberfl\u00e4che<\/li>\n<li>Neue Aufgaben \u00fcber direkte Texteingabe hinzuf\u00fcgen<\/li>\n<li>Neues .Net Framework als Basis<\/li>\n<li>Basiert auf Datenbindung mit MVVM &#8211; weniger Code notwendig, besser wartbar<\/li>\n<\/ul>\n<p>Erster Prototyp der Oberfl\u00e4che:<\/p>\n<p><img loading=\"lazy\" decoding=\"async\" class=\"alignnone size-full wp-image-1394\" src=\"https:\/\/www.holliesoft.de\/weblog\/wp-content\/uploads\/2023-01-27_22h47_33.png\" alt=\"\" width=\"952\" height=\"497\" srcset=\"https:\/\/www.holliesoft.de\/weblog\/wp-content\/uploads\/2023-01-27_22h47_33.png 952w, https:\/\/www.holliesoft.de\/weblog\/wp-content\/uploads\/2023-01-27_22h47_33-400x209.png 400w, https:\/\/www.holliesoft.de\/weblog\/wp-content\/uploads\/2023-01-27_22h47_33-768x401.png 768w\" sizes=\"auto, (max-width: 952px) 100vw, 952px\" \/><\/td>\n<td><span class=\"badge badge-info\">In Entwicklung<\/span><\/td>\n<\/tr>\n<\/tbody>\n<\/table>\n<\/div>\n","protected":false},"excerpt":{"rendered":"<p>Die folgenden Features sind in Umsetzung oder in Planung f\u00fcr die kommenden Versionen: Version Beschreibung Status 1.15 Letzten Verschiebungsintervall von Erinnerungen merken und beim erneuten Verschieben vorgeben In Planung 1.16 \u00dcberarbeitung Ansicht-Optionen In Planung 2.0 Komplett neue Oberfl\u00e4che Neue Aufgaben \u00fcber direkte Texteingabe hinzuf\u00fcgen Neues .Net Framework als Basis Basiert auf Datenbindung mit MVVM &#8211; [&#8230;]<\/p>\n<p><a class=\"btn btn-secondary understrap-read-more-link\" href=\"https:\/\/www.holliesoft.de\/weblog\/software\/aufgaben\/aufgaben-aktuelles-zur-weiterentwicklung\/\">Weiterlesen\u00a0\u2026<span class=\"screen-reader-text\"> from Aufgaben: Aktuelles zur Weiterentwicklung<\/span><\/a><\/p>\n","protected":false},"author":1,"featured_media":0,"parent":495,"menu_order":0,"comment_status":"closed","ping_status":"closed","template":"","meta":{"footnotes":""},"class_list":["post-653","page","type-page","status-publish","hentry"],"_links":{"self":[{"href":"https:\/\/www.holliesoft.de\/weblog\/wp-json\/wp\/v2\/pages\/653","targetHints":{"allow":["GET"]}}],"collection":[{"href":"https:\/\/www.holliesoft.de\/weblog\/wp-json\/wp\/v2\/pages"}],"about":[{"href":"https:\/\/www.holliesoft.de\/weblog\/wp-json\/wp\/v2\/types\/page"}],"author":[{"embeddable":true,"href":"https:\/\/www.holliesoft.de\/weblog\/wp-json\/wp\/v2\/users\/1"}],"replies":[{"embeddable":true,"href":"https:\/\/www.holliesoft.de\/weblog\/wp-json\/wp\/v2\/comments?post=653"}],"version-history":[{"count":50,"href":"https:\/\/www.holliesoft.de\/weblog\/wp-json\/wp\/v2\/pages\/653\/revisions"}],"predecessor-version":[{"id":1395,"href":"https:\/\/www.holliesoft.de\/weblog\/wp-json\/wp\/v2\/pages\/653\/revisions\/1395"}],"up":[{"embeddable":true,"href":"https:\/\/www.holliesoft.de\/weblog\/wp-json\/wp\/v2\/pages\/495"}],"wp:attachment":[{"href":"https:\/\/www.holliesoft.de\/weblog\/wp-json\/wp\/v2\/media?parent=653"}],"curies":[{"name":"wp","href":"https:\/\/api.w.org\/{rel}","templated":true}]}}